tor of r and f.
22
Suppose -32 = -0*q - 2*q. Let g = q - 2. Suppose 0 = 5*l - 9*l + 280. What is the highest common factor of g and l?
14
Let r be ((-36)/(-16))/((-6)/(-16)). Let y(q) = 10*q**2 - 2*q + 1. Let t be y(-2). Suppose k = r*k - t. What is the greatest common divisor of k and 27?
9
Let x(a) = 17*a. Let v be x(2). Let n = v + -31. What is the highest common divisor of 24 and n?
3
Let n = 1001 + -702. Suppose -n = -5*b + 101. Suppose -12*j + 90 = -3*j. What is the greatest common factor of j and b?
10
Let d(o) = 2*o + 1. Let a be d(6). Let n(m) = 3*m - 17. Let b be n(a). Suppose -b*u = -25*u + 216. What is the highest common factor of u and 36?
36
Let z(m) = 14*m**2 + 6*m - 16. Let v be z(4). What is the highest common factor of v and 24?
8
Let h(g) = 50*g**2 - 19*g + 6. Let d be h(8). Let p be 2/6 - d/(-18). Calculate the greatest common factor of 68 and p.
34
Let t(b) = b**3 - 14*b**2 + 15*b + 14. Let x be t(13). What is the highest common divisor of 32 and x?
8
Let s = 246 + 2. What is the greatest common factor of s and 8?
8
Let h(x) = -31 + x - x**3 - 2*x**2 + x + 0*x - x. Let a be h(-5). What is the greatest common divisor of a and 39?
39
Suppose 2*x = -0*t - 4*t + 132, -3*t = 3*x - 195. Suppose 5*j + 128 = 4*q + j, 2*q = -3*j + x. What is the highest common factor of 16 and q?
16
Suppose 2*f + 4*p - 2880 = -1120, 3*f - 2660 = 4*p. Calculate the greatest common divisor of 104 and f.
52
Let u = 120 - 118. Suppose u*z = 4*s - 8*s + 370, 2*z + 440 = 5*s. Calculate the highest common divisor of s and 60.
30
Let f = -162 - -296. Suppose -2*w - j + f = 9, 113 = 2*w + 5*j. Calculate the highest common divisor of 32 and w.
32
Suppose -25*d + 8*d = -510. What is the greatest common factor of d and 690?
30
Let j = 494 - 498. Suppose 3*r = -4*z - 103, -r + 3*z - 30 = -0*r. Let f be (1 - j)*r/(-15). Calculate the highest common factor of f and 33.
11
Let y = -24 + 15. Suppose -4*l + 59 + 5 = 0. Let a = y + l. Calculate the greatest common factor of 14 and a.
7
Let t = 55 - 59. Let c be 51 + 1 - (0 - t). Calculate the greatest common factor of c and 12.
12
Suppose -5*u = -16*y + 14*y - 334, -4*y - 8 = 0. Let a(c) = c**3 + 5*c**2 - 6*c + 6. Let d be a(-6). What is the highest common divisor of u and d?
6
Let d be -3 - -1*133/1. Suppose 0*c = 5*c - d. Let o(m) = 8*m**3 - m**2 + 3*m - 1. Let a be o(2). Calculate the greatest common factor of a and c.
13
Let v be (-4)/(-10) - (129/(-15) - 5). Calculate the greatest common factor of v and 154.
14
Let a(f) = -f**2 + 30*f - 165. Let l be a(10). Calculate the greatest common factor of l and 665.
35
Suppose 0*l = 3*a + 4*l - 155, 2*l = -2*a + 100. What is the highest common factor of 855 and a?
45
Let h(m) = -4*m + 7. Let r be h(-8). Let g = 60 - r. What is the highest common divisor of g and 147?
21
Suppose 5*v + 36 + 4 = 0. Let y(d) = -3*d + 18. Let c be y(v). Calculate the greatest common factor of c and 21.
21
Let l(d) = -d**2 - 12*d - 23. Let q be l(-4). What is the highest common divisor of q and 9?
9
Suppose -5*q + 5*i = -4 - 16, -i - 10 = -3*q. Suppose -3*p - 9 = -q*d, 2*d - 3*p + 2*p = 7. Calculate the highest common factor of d and 14.
2
Let y = -50 - -61. Calculate the highest common factor of y and 1188.
11
Suppose 0 = -19*q - 220 + 790. Calculate the highest common factor of q and 375.
15
Let g(o) = -6*o**2 + 2*o + 363. Let a be g(0). Calculate the highest common factor of a and 3.
3
Let s = 7 - 9. Let f be (s*(-12)/(-1))/(-2). What is the highest common factor of f and 6?
6
Suppose 4*s - 176 = -4*t, -7*s = -3*t - 3*s + 160. Suppose 11*p + t - 268 = 0. What is the greatest common divisor of p and 15?
5
Let r(m) = 35*m**2 + 3*m - 4. Suppose 2 = g + 6. Let z be r(g). Suppose z = 3*h - 4*p, 4*h = -h + 2*p + 902. What is the highest common divisor of 20 and h?
20
Let s(v) = -v**3 + 4*v**2 - 2*v - 3. Suppose -r + 12 = 3*r. Let n be s(r). Let k(z) = -z + 7. Let a be k(n). Calculate the highest common divisor of a and 49.
7
Suppose 11 = 3*z - 22. Let n be (72/(-48))/(3/(-256)). Let l = n - 84. Calculate the greatest common divisor of z and l.
11
Let m be (19 + -1)/((-12)/(-104)). Let n = -2784 - -2796. Calculate the greatest common factor of m and n.
12
Suppose -9*u + 36 = 4*b - 7*u, -4*b + 4*u = -48. What is the greatest common divisor of b and 74?
2
Let t(a) = 3*a**2 + 8*a + 12. Let s be t(-3). Calculate the greatest common divisor of s and 9.
3
Let x(c) = 4*c**2 + 3*c + 4. Let n be x(-6). Let k be -100*(-2)/2 - -4. Suppose 33*f + k = 37*f. What is the greatest common divisor of n and f?
26
Let k be (-134)/10 - (-6)/15. Let r = k - -23. Let f(q) = 2*q**2 - 7*q + 41. Let z be f(7). Calculate the highest common divisor of r and z.
10
Suppose i + 24 = -2*i. Let d be (-442)/(-8) + 2/i. Let h be (-20)/(-15) - 1/3 - -4. Calculate the greatest common divisor of h and d.
5
Let p(l) = l**2 - l - 5. Let o be p(4). Suppose 0 = 4*g - 8, 200*g + 6 = 2*a + 196*g. What is the greatest common divisor of o and a?
7
Suppose 8*p - 1367 = -407. What is the greatest common factor of p and 48?
24
Let l(y) = y**3 - 15*y**2 - 81*y + 31. Let q be l(21). What is the highest common factor of q and 61?
61
Let b(q) = -q**3 - 11*q**2 - 5*q + 5. Let d(j) = -j**2 - 3*j - 7. Let l be d(-4). Let k be b(l). Calculate the greatest common divisor of k and 12.
12
Let j(g) = g**3 + 5*g**2 + 5. Let s be j(-5). Let k = 8 + 4. Let d = -7 + k. What is the highest common divisor of s and d?
5
Let a(o) = -o**3 - 4*o**2 - 6*o + 4. Let p be a(-3). Let y be (-144)/(-27)*(-39)/(-2). What is the highest common factor of y and p?
13
Let s be 4/14 + (-2142)/(-49). Suppose -3*j + 342 = -4*f, 4*j - 270 - 161 = -3*f. Calculate the highest common factor of j and s.
22
Suppose -11 = -4*o - 7*u + 2*u, 3*o = 5*u - 18. Let p(b) = -18*b + 4. Let i be p(o). What is the greatest common factor of i and 33?
11
Let v be (-231)/(-308) - (-3866)/8. Calculate the greatest common factor of v and 88.
44
Suppose 2*o + 0*o - 56 = 0. Suppose -10*l - 2842 + 2982 = 0. What is the greatest common factor of o and l?
14
Let d be (11/3)/((-4)/(-12)). Let w = -4 + d. Suppose h = 5 + w. Calculate the greatest common factor of 84 and h.
12
Let z(s) = s + 1. Let y be z(0). Let x(j) = j**2 + 6*j - 4. Suppose 3*w = 2*w - 7. Let q be x(w). What is the highest common divisor of y and q?
1
Let z be -1 - -356 - 1*(-7)/(-7). Calculate the greatest common divisor of 6 and z.
6
Let n be -31*-1*6*14/21. Calculate the highest common divisor of 8 and n.
4
Suppose -15*y = -13*y - 34. Suppose -15 = 5*a, 3*w + 4*a - 360 = 5*a. Calculate the highest common factor of y and w.
17
Let f be 1/(((-1)/(-2))/((-1)/2)). Let m(l) = 81*l**2 - 3*l - 4. Let a be m(f). Calculate the greatest common factor of a and 10.
10
Let f(n) = 8*n + 5*n - 20 + n**2 - 5*n. Let h be f(-11). What is the highest common divisor of 65 and h?
13
Let u = 35 + -30. Calculate the greatest common factor of u and 5.
5
Let u(r) = r**3 + 3*r**2 - 6*r - 4. Let i be u(-4). Suppose -317 = -38*t + 63. What is the greatest common divisor of i and t?
2
Let l be 6*6*(-2)/(-18). Suppose 3*w = -l*o, -w = 3*o - 6*w + 29. Let c be (-7)/(7/(-4)) - o. What is the greatest common divisor of c and 14?
7
Suppose -85 = -4*s + t, s + 2*t - 70 = -3*s. Let v be 5/s + (443/4 - 1). Calculate the greatest common divisor of v and 10.
10
Let m be 8/(-12)*(-1 - 83). Suppose -7*r + 0*r + m = 0. What is the greatest common divisor of r and 48?
8
Let b(x) = 5*x - 3. Let l be b(-3). Let y be 22/33*l/4. Let c be (-1)/(-3*y/(-27)). What is the highest common factor of 21 and c?
3
Suppose -4*z + 13 = 5*y - 117, -5*z = -y + 55. What is the greatest common factor of 66 and y?
6
Suppose 5*f - 104 = 16. Let v be 5/2*f/20. Suppose -5*b + 274 = -5*o - 451, -v*b + 433 = -o. Calculate the greatest common factor of 16 and b.
16
Let t(j) = -j + 3. Let g be t(6). Let z = g - -7. Let c be 43/4 - 105/140. Calculate the highest common divisor of c and z.
2
Suppose -19*b + 6576 = 1788. Suppose -h + 3*k + 34 = 0, 5*k - 4*k = -h + 26. Calculate the highest common factor of b and h.
28
Let v be 4/(-46) + (-58470)/(-46). Calculate the greatest common divisor of v and 31.
31
Suppose 5*h = 9*h - 20. Suppose -h*q = -4*l - 374, -5*l + 410 = 6*q - q. Let r = q + -26. Calculate the